mber?
True
Is 1715168843 prime?
True
Is 227849151 a prime number?
False
Is 4289532635 a prime number?
False
Is 1223836781 composite?
False
Is 176146213 composite?
True
Is 855219839 prime?
True
Is 20860649371 a composite number?
False
Is 10457483779 a prime number?
True
Is 400352263 composite?
False
Is 1318845161 composite?
True
Is 25755906073 a composite number?
False
Is 957666113 a prime number?
False
Is 14968691 prime?
False
Is 12823763723 composite?
False
Is 1606778153 prime?
True
Is 47169137773 prime?
True
Is 7676290371 a prime number?
False
Is 295317509 composite?
False
Is 75594473018 a composite number?
True
Is 691804943 prime?
True
Is 4519897721 a prime number?
True
Is 1560620909 a prime number?
False
Is 865127891 a composite number?
True
Is 14989220969 a prime number?
False
Is 402985435 a composite number?
True
Is 119214675971 a composite number?
False
Is 729621127 a composite number?
False
Is 7400198567 a prime number?
True
Is 15382684859 a prime number?
False
Is 3318903337 prime?
False
Is 77111350399 composite?
False
Is 1873077539 a composite number?
True
Is 899905427 composite?
False
Is 3989266909 a composite number?
False
Is 5789825473 a composite number?
True
Is 740081926 composite?
True
Is 20792977 composite?
True
Is 1523396473 composite?
False
Is 56156182931 a composite number?
True
Is 1939986547 composite?
False
Is 1085248609 composite?
True
Is 113703351 composite?
True
Is 166137528731 a composite number?
False
Is 97033301 a prime number?
False
Is 651526133 composite?
False
Is 1933007 composite?
False
Is 114027281 a prime number?
True
Is 4220215673 composite?
True
Is 38975627 a composite number?
False
Is 11559184297 composite?
False
Is 43273315801 prime?
True
Is 778275823 a composite number?
True
Is 14438577059 a prime number?
False
Is 1063250029 composite?
True
Is 37376293369 a prime number?
True
Is 70635815581 composite?
False
Is 10114418221 prime?
False
Is 16282291957 composite?
True
Is 18964275973 a composite number?
True
Is 2275547171 a composite number?
True
Is 8616297499 prime?
False
Is 202665041427 a prime number?
False
Is 1147767709 a prime number?
False
Is 28089664513 a composite number?
False
Is 98497958569 composite?
True
Is 12165379 a prime number?
True
Is 13155798119 a prime number?
False
Is 3276759223 composite?
False
Is 296042203 a composite number?
True
Is 2889929743 a prime number?
False
Is 2281175657 a composite number?
False
Is 253601233 a composite number?
False
Is 646485391 a composite number?
False
Is 4309371067 prime?
True
Is 604344215 a composite number?
True
Is 491634043 a composite number?
True
Is 114419124737 composite?
False
Is 365891821 prime?
True
Is 902573233 a composite number?
False
Is 2298335167 a composite number?
True
Is 3169737367 a composite number?
False
Is 50778466751 a prime number?
True
Is 248820668887 composite?
True
Is 1038588403 composite?
False
Is 752247389 composite?
True
Is 2337481798 a prime number?
False
Is 13509582433 a composite number?
True
Is 830217403 prime?
True
Is 19239214613 a composite number?
False
Is 1259127601 composite?
True
Is 139589053289 a prime number?
False
Is 8154541819 composite?
False
Is 270463177 a prime number?
True
Is 1616205847 composite?
False
Is 1699705957 a prime number?
False
Is 6220098681 composite?
True
Is 491194171 a prime number?
False
Is 6743015977 composite?
True
Is 5413040741 composite?
False
Is 54140156561 a prime number?
True
Is 581243423 prime?
True
Is 32920107797 a composite number?
False
Is 3044949929 prime?
False
Is 6732755053 composite?
False
Is 211357589 composite?
False
Is 5966447233 a prime number?
False
Is 42217836677 prime?
True
Is 627939341 prime?
False
Is 45724710247 composite?
False
Is 16047869161 prime?
True
Is 18244653439 composite?
True
Is 1502875349 composite?
False
Is 14954675909 prime?
True
Is 13303856653 a prime number?
False
Is 16943594293 a composite number?
False
Is 543188551 composite?
True
Is 820640363 prime?
True
Is 21077859299 composite?
True
Is 10885091467 prime?
True
Is 14160932507 a composite number?
True
Is 128438243 composite?
True
Is 1622381227 prime?
False
Is 82167897253 prime?
False
Is 328010090641 a composite number?
False
Is 1712424997 a prime number?
True
Is 32855556443 a prime number?
False
Is 1430530779 prime?
False
Is 5178941 a composite number?
False
Is 3310531537 composite?
True
Is 15834144661 prime?
True
Is 66087379 prime?
True
Is 24376018 a composite number?
True
Is 126911099479 a composite number?
True
Is 3872012533 a prime number?
False
Is 21600672941 prime?
True
Is 107709719631 prime?
False
Is 13457511371 composite?
True
Is 2626798267 a composite number?
False
Is 848508259 composite?
False
Is 24892930135 prime?
False
Is 6146570153 a composite number?
True
Is 24159932909 composite?
True
Is 127188671 a composite number?
True
Is 5434930217 prime?
True
Is 31564627643 a prime number?
True
Is 10250011181 composite?
False
Is 1309459531 composite?
True
Is 1222059071 prime?
True
Is 38712645319 composite?
False
Is 3476090153 composite?
False
Is 6767311667 prime?
False
Is 197617738 composite?
True
Is 15612845719 prime?
True
Is 6713691109 a composite number?
False
Is 3040889779 a prime number?
True
Is 147335483 prime?
False
Is 17308383251 a composite number?
False
Is 10784959459 prime?
True
Is 2574721547 composite?
False
Is 126276323807 a prime number?
True
Is 13106599881 a composite number?
True
Is 626344507 a composite number?
False
Is 116740483523 a composite number?
False
Is 1484798561 a composite number?
False
Is 21451974937 prime?
True
Is 4320788111 composite?
False
Is 51658544887 a prime number?
False
Is 172182977 prime?
True
Is 5014224841 prime?
True
Is 7412923927 a composite number?
False
Is 8796135041 a prime number?
True
Is 5812360597 a prime number?
False
Is 2324358193 a composite number?
False
Is 359269831559 a prime number?
True
Is 16459715495 composite?
True
Is 145642033 composite?
False
Is 35742361 a prime number?
False
Is 243191777 composite?
False
Is 397458169 composite?
True
Is 1365964861 a prime number?
True
Is 2637119131 a prime number?
True
Is 20763221929 a composite number?
True
Is 1262763521 a prime number?
True
Is 1176927923 a prime number?
False
Is 2440952951 a prime number?
False
Is 1816001758 composite?
True
Is 1404259349 composite?
False
Is 52268403887 a composite number?
True
Is 23309153554 a prime number?
False
Is 43922078311 prime?
True
Is 542286223 a composite number?
False
Is 21806585191 prime?
True
Is 7770113471 prime?
True
Is 68937467 a composite number?
True
Is 31676209489 composite?
False
Is 389409563 composite?
True
Is 310162703 a composite number?
False
Is 68282971637 prime?
True
Is 2096223307 a prime number?
False
Is 320548343 prime?
False
Is 6165697351 a composite number?
True
Is 8410729161 a prime number?
False
Is 347388169 composite?
False
Is 8930282969 prime?
False
Is 423498029 a prime number?
True
Is 2296816703 a composite number?
False
Is 44550470611 prime?
True
Is 908930801 composite?
False
Is 936211387 a prime number?
True
Is 615373483 composite?
False
Is 1412335313 a prime number?
False
Is 2253843811 prime?
True
Is 19536173201 prime?
True
Is 14164310621 a composite number?
False
Is 18706214183 composite?
False
Is 234363167 a composite number?
True
Is 96428357 prime?
True
Is 73502740589 a composite number?
False
Is 643647817 a prime number?
True
Is 35805145319 composite?
True
Is 49880272877 prime?
True
Is 2544377767 a composite number?
False
Is 5059332431 prime?
False
Is 45920614219 a prime number?
False
Is 3819729569 prime?
True
Is 1775364931 a composite number?
True
Is 597624413 composite?
True
Is 84034119647 a composite number?
True
Is 112727337679 a prime number?
False
Is 80976352013 composite?
True
Is 44816180911 prime?
True
Is 34425036649 a prime number?
True
Is 115760915 a prime number?
False
Is 26530788701 prime?
True
Is 65358427217 a composite number?
False
Is 49475291 a prime number?
True
Is 55878304507 composite?
True
Is 262626509 prime?
True
Is 628425989663 a prime number?
True
Is 31983952837 composite?
False
Is 7816847107 a prime number?
False
Is 5057843489 prime?
False
Is 7774461073 a prime number?
True
Is 64078887917 composite?
True
Is 203101037 composite?
False
Is 10949671 a prime number?
True
Is 5775279851 a composite number?
True
Is 1